{"version":"1.0","provider_name":"Outpoken","provider_url":"https:\/\/outpoken.cafeblog.hu","author_name":"Strega","author_url":"https:\/\/outpoken.cafeblog.hu\/author\/strega\/","title":"Halottaink","html":"<p><strong>Egy bizonyos id\u0151 vagy kor ut\u00e1n mindenkinek vannak halottai. Kor\u00e1bban m\u00e1r \u00edrtam az elm\u00fal\u00e1sr\u00f3l, most megeml\u00e9kezem.<\/strong><\/p>\r\n<p><strong>Nekem is van a csal\u00e1domban m\u00e1r nem is egy ember, aki nincs az \u00e9l\u0151k sor\u00e1ban, de \u00e9n most csak egy emberr\u0151l eml\u00e9kezem meg, aki a legk\u00f6zelebb \u00e1llt hozz\u00e1m.<\/strong><\/p>\r\n<p><strong>Mi egy p\u00e1r voltunk, majd egy nagyon m\u00e9ly bar\u00e1ts\u00e1g lett bel\u0151le. Mindig \u00e9s mindenben sz\u00e1m\u00edthattunk a m\u00e1sikra. Ez egy olyan v\u00e9d \u00e9s dac sz\u00f6vets\u00e9g volt k\u00f6z\u00f6tt\u00fcnk. Sok minden belef\u00e9rt, s\u0151t m\u00e9g t\u00f6bb is. Kapcsolatk\u00e9nt nem m\u0171k\u00f6d\u00f6tt, de bar\u00e1ts\u00e1gk\u00e9nt igen.<\/strong><\/p>\r\n<p><strong>Elment, itt hagyott minket. Se sz\u00f3, se besz\u00e9d \u00e9s nem volt t\u00f6bbet. Most m\u00e1r a 3. gyerty\u00e1t gy\u00fajtom itthon Neki ezen a napon. Nem csak a t\u00e1vols\u00e1g miatt, de am\u00fagy sem vagyok egy temet\u0151be j\u00e1rk\u00e1l\u00f3. Szerintem nem csak a temet\u0151ben lehet megeml\u00e9kezni arr\u00f3l, aki m\u00e1r nincs. Ott a teste pihen, a lelke nincs ott.<\/strong><\/p>\r\n<p><strong>Sok szeretetet adott \u00e9s kapott, seg\u00edtett mindenkinek. Humor\u00e1val \u00e9s po\u00e9njaival vitte ama p\u00e1lm\u00e1t. Okos volt, h\u00e1zias, alapos. Ha valaki azt k\u00e9rn\u00e9 soroljam fel a rossz tulajdons\u00e1gait, akkor nem tudn\u00e1m.....egy volt neki: b\u00edzott m\u00e1sokban. Ez a bizalom vezetett a hal\u00e1l\u00e1hoz is. Elvette egy \u00f6tvenes ember \u00e9let\u00e9t.....<\/strong><\/p>\r\n<p><strong>M\u00e1shol is olvasom, olyan ember nem volt, mint akit \u0150 vesz\u00edtett el. Nem vonom ezt k\u00e9ts\u00e9gbe, de ink\u00e1bb azt vallom, sz\u00e1m\u00e1ra volt olyan. Mint ahogy m\u00e1shogy n\u00e9z\u00fcnk ki, m\u00e1s a term\u00e9szet\u00fcnk, \u00f6lt\u00f6zk\u00f6d\u00e9s\u00fcnk \u00e9s m\u00e9g egy csom\u00f3 minden, \u00edgy az \u00e9rt\u00e9krendek is v\u00e1ltoz\u00f3ak. Nekem \u0150 volt az etalon....\u00e9s tudom, az utols\u00f3 percig szeretett. Szoktam azt mondani, \"csak\" szeretett....mikor elment, akkor j\u00f6ttem r\u00e1, a szeretet mit \u00e9s mennyit is jelent. A \"csak\" szeretett a legt\u00f6bb, t\u00f6bb nem is adhat\u00f3.\u00a0<\/strong><\/p>\r\n<p><strong>Most megint gy\u00fajtok egy gyerty\u00e1t \u00e9s kicsit elid\u0151z\u00f6k....a gondolataim ilyenkor n\u00e1la j\u00e1rnak, az egy\u00fctt t\u00f6lt\u00f6tt \u00e9vekre, amiket \u00e1t\u00e9lt\u00fcnk, j\u00f3ban \u00e9s rosszban.....az arc\u00e1t is l\u00e1tom, \u00e9s a hangja is itt cseng a f\u00fclemben.....most csak annyit tudok mondani, m\u00e9g mindig \u00e9s jobban, nagyon hi\u00e1nyzol!!!<\/strong><\/p>\r\n<p><strong>...\u00e9s v\u00e9gre \u00edrok, mindig azt mondta, Neked ez menne. \u00cdrj\u00e1l, \u00edrd meg az \u00e9letedet is....M\u00e9g az is lehet, hogy meg\u00edrom. Egy n\u0151 vagyok, akinek az \u00e9let j\u00f3, de ink\u00e1bb a rossz oldal\u00e1b\u00f3l eddig sok jutott. Mindig fel\u00e1lltam \u00e9s mentem tov\u00e1bb, megyek \u00e9s csin\u00e1lom ameddig a sz\u00edve nem sz\u0171nik meg dobogni.\u00a0<a href=\"https:\/\/www.facebook.com\/JuliStrega\/\">Oldalamon megtal\u00e1lsz.....<\/a>\u00a0Az egyik kedvenc\u00e9t aj\u00e1nlom neki, Ha volna k\u00e9t \u00e9letem....<\/strong><\/p>\r\n<p>&nbsp;<\/p>\r\n<p>[embed]https:\/\/www.youtube.com\/watch?v=6gG_7hOv1ho[\/embed]<\/p>\r\n<p>&nbsp;<\/p>\r\n<p>&nbsp;<\/p>\r\n<p>&nbsp;<\/p>","type":"rich","thumbnail_url":"https:\/\/outpoken.cafeblog.hu\/files\/2017\/10\/gyertya-1-150x150.jpg","thumbnail_width":150,"thumbnail_height":150}

<p><strong>Egy bizonyos idő vagy kor után mindenkinek vannak halottai. Korábban már írtam az elmúlásról, most megemlékezem.</strong></p>
<p><strong>Nekem is van a családomban már nem is egy ember, aki nincs az élők sorában, de én most csak egy emberről emlékezem meg, aki a legközelebb állt hozzám.</strong></p>
<p><strong>Mi egy pár voltunk, majd egy nagyon mély barátság lett belőle. Mindig és mindenben számíthattunk a másikra. Ez egy olyan véd és dac szövetség volt közöttünk. Sok minden belefért, sőt még több is. Kapcsolatként nem működött, de barátságként igen.</strong></p>
<p><strong>Elment, itt hagyott minket. Se szó, se beszéd és nem volt többet. Most már a 3. gyertyát gyújtom itthon Neki ezen a napon. Nem csak a távolság miatt, de amúgy sem vagyok egy temetőbe járkáló. Szerintem nem csak a temetőben lehet megemlékezni arról, aki már nincs. Ott a teste pihen, a lelke nincs ott.</strong></p>
<p><strong>Sok szeretetet adott és kapott, segített mindenkinek. Humorával és poénjaival vitte ama pálmát. Okos volt, házias, alapos. Ha valaki azt kérné soroljam fel a rossz tulajdonságait, akkor nem tudnám.....egy volt neki: bízott másokban. Ez a bizalom vezetett a halálához is. Elvette egy ötvenes ember életét.....</strong></p>
<p><strong>Máshol is olvasom, olyan ember nem volt, mint akit Ő veszített el. Nem vonom ezt kétségbe, de inkább azt vallom, számára volt olyan. Mint ahogy máshogy nézünk ki, más a természetünk, öltözködésünk és még egy csomó minden, így az értékrendek is változóak. Nekem Ő volt az etalon....és tudom, az utolsó percig szeretett. Szoktam azt mondani, "csak" szeretett....mikor elment, akkor jöttem rá, a szeretet mit és mennyit is jelent. A "csak" szeretett a legtöbb, több nem is adható. </strong></p>
<p><strong>Most megint gyújtok egy gyertyát és kicsit elidőzök....a gondolataim ilyenkor nála járnak, az együtt töltött évekre, amiket átéltünk, jóban és rosszban.....az arcát is látom, és a hangja is itt cseng a fülemben.....most csak annyit tudok mondani, még mindig és jobban, nagyon hiányzol!!!</strong></p>
<p><strong>...és végre írok, mindig azt mondta, Neked ez menne. Írjál, írd meg az életedet is....Még az is lehet, hogy megírom. Egy nő vagyok, akinek az élet jó, de inkább a rossz oldalából eddig sok jutott. Mindig felálltam és mentem tovább, megyek és csinálom ameddig a szíve nem szűnik meg dobogni. <a href="https://www.facebook.com/JuliStrega/">Oldalamon megtalálsz.....</a> Az egyik kedvencét ajánlom neki, Ha volna két életem....</strong></p>
<p>&nbsp;</p>
<p>[embed]https://www.youtube.com/watch?v=6gG_7hOv1ho[/embed]</p>
<p>&nbsp;</p>
<p>&nbsp;</p>
<p>&nbsp;</p>
